{"id":2444,"date":"2017-05-22T18:04:17","date_gmt":"2017-05-22T17:04:17","guid":{"rendered":"https:\/\/monzon.salesianos.edu\/iglesia\/?page_id=2444"},"modified":"2026-03-26T16:39:12","modified_gmt":"2026-03-26T15:39:12","slug":"inicio","status":"publish","type":"page","link":"https:\/\/monzon.salesianos.edu\/iglesia\/","title":{"rendered":"inicio"},"content":{"rendered":"<div id=\"fb-root\"><\/div>\n<p>[et_pb_section fb_built=\u00bb1&#8243; fullwidth=\u00bbon\u00bb _builder_version=\u00bb4.16&#8243; background_color=\u00bbrgba(255,255,255,0)\u00bb custom_padding=\u00bb0px|0px|0px|0px\u00bb animation_style=\u00bbzoom\u00bb transparent_background=\u00bbon\u00bb global_colors_info=\u00bb{}\u00bb][et_pb_fullwidth_slider show_image_video_mobile=\u00bbon\u00bb admin_label=\u00bbPortada (Deslizador)\u00bb _builder_version=\u00bb4.16&#8243; custom_margin=\u00bb||40px|||\u00bb custom_padding=\u00bb|||\u00bb custom_padding_tablet=\u00bb|||\u00bb custom_padding_phone=\u00bb|||\u00bb auto=\u00bbon\u00bb box_shadow_style=\u00bbpreset6&#8243; box_shadow_blur=\u00bb10px\u00bb box_shadow_color=\u00bbrgba(0,0,0,0.1)\u00bb saved_tabs=\u00bball\u00bb global_colors_info=\u00bb{}\u00bb button_text_size__hover_enabled=\u00bboff\u00bb button_one_text_size__hover_enabled=\u00bboff\u00bb button_two_text_size__hover_enabled=\u00bboff\u00bb button_text_color__hover_enabled=\u00bboff\u00bb button_one_text_color__hover_enabled=\u00bboff\u00bb button_two_text_color__hover_enabled=\u00bboff\u00bb button_border_width__hover_enabled=\u00bboff\u00bb button_one_border_width__hover_enabled=\u00bboff\u00bb button_two_border_width__hover_enabled=\u00bboff\u00bb button_border_color__hover_enabled=\u00bboff\u00bb button_one_border_color__hover_enabled=\u00bboff\u00bb button_two_border_color__hover_enabled=\u00bboff\u00bb button_border_radius__hover_enabled=\u00bboff\u00bb button_one_border_radius__hover_enabled=\u00bboff\u00bb button_two_border_radius__hover_enabled=\u00bboff\u00bb button_letter_spacing__hover_enabled=\u00bboff\u00bb button_one_letter_spacing__hover_enabled=\u00bboff\u00bb button_two_letter_spacing__hover_enabled=\u00bboff\u00bb button_bg_color__hover_enabled=\u00bboff\u00bb button_one_bg_color__hover_enabled=\u00bboff\u00bb button_two_bg_color__hover_enabled=\u00bboff\u00bb][et_pb_slide heading=\u00bbIglesia Mar\u00eda Auxiliadora\u00bb use_bg_overlay=\u00bbon\u00bb _builder_version=\u00bb4.16&#8243; header_font_size=\u00bb49px\u00bb body_font=\u00bbCalligraffitti||||\u00bb body_font_size=\u00bb34px\u00bb body_line_height=\u00bb1.1em\u00bb background_color=\u00bb#ffffff\u00bb background_image=\u00bbhttps:\/\/monzon.salesianos.edu\/iglesia\/wp-content\/uploads\/sites\/3\/2018\/02\/Maria-Auxiliadora-028.jpg\u00bb custom_button=\u00bbon\u00bb button_text_size=\u00bb30px\u00bb button_text_color=\u00bb#ffffff\u00bb button_bg_color=\u00bb#bb0020&#8243; button_border_width=\u00bb0px\u00bb button_border_color=\u00bb#ffffff\u00bb button_border_radius=\u00bb3px\u00bb button_font=\u00bbAmatic SC|on|||\u00bb text_orientation=\u00bbright\u00bb global_colors_info=\u00bb{}\u00bb button_text_size__hover_enabled=\u00bboff\u00bb button_one_text_size__hover_enabled=\u00bboff\u00bb button_two_text_size__hover_enabled=\u00bboff\u00bb button_text_color__hover_enabled=\u00bboff\u00bb button_one_text_color__hover_enabled=\u00bboff\u00bb button_two_text_color__hover_enabled=\u00bboff\u00bb button_border_width__hover_enabled=\u00bboff\u00bb button_one_border_width__hover_enabled=\u00bboff\u00bb button_two_border_width__hover_enabled=\u00bboff\u00bb button_border_color__hover_enabled=\u00bboff\u00bb button_one_border_color__hover_enabled=\u00bboff\u00bb button_two_border_color__hover_enabled=\u00bboff\u00bb button_border_radius__hover_enabled=\u00bboff\u00bb button_one_border_radius__hover_enabled=\u00bboff\u00bb button_two_border_radius__hover_enabled=\u00bboff\u00bb button_letter_spacing__hover_enabled=\u00bboff\u00bb button_one_letter_spacing__hover_enabled=\u00bboff\u00bb button_two_letter_spacing__hover_enabled=\u00bboff\u00bb button_bg_color__hover_enabled=\u00bboff\u00bb button_one_bg_color__hover_enabled=\u00bboff\u00bb button_two_bg_color__hover_enabled=\u00bboff\u00bb sticky_transition=\u00bbon\u00bb]Para vivir la fe en comunidad<br \/>\n[\/et_pb_slide][\/et_pb_fullwidth_slider][\/et_pb_section][et_pb_section fb_built=\u00bb1&#8243; module_id=\u00bbportada\u00bb _builder_version=\u00bb4.16&#8243; custom_padding=\u00bb0px|0px|0px|0px\u00bb global_colors_info=\u00bb{}\u00bb][et_pb_row column_structure=\u00bb1_2,1_2&#8243; custom_padding_last_edited=\u00bbon|phone\u00bb _builder_version=\u00bb4.16&#8243; custom_padding=\u00bb1px|0px|25px|0px\u00bb custom_padding_tablet=\u00bb0px||0px|\u00bb custom_padding_phone=\u00bb0px||0px|\u00bb global_colors_info=\u00bb{}\u00bb][et_pb_column type=\u00bb1_2&#8243; _builder_version=\u00bb4.16&#8243; custom_padding=\u00bb|||\u00bb global_colors_info=\u00bb{}\u00bb custom_padding__hover=\u00bb|||\u00bb][et_pb_text _builder_version=\u00bb4.24.3&#8243; _module_preset=\u00bbdefault\u00bb global_colors_info=\u00bb{}\u00bb]<\/p>\n<div class=\"et_pb_module et_pb_text et_pb_text_1  et_pb_text_align_left et_pb_bg_layout_light\">\n<div class=\"et_pb_text_inner\">\n<h1><span style=\"color: #ff0000\">Para rezar<\/span><\/h1>\n<\/div>\n<\/div>\n<p>[\/et_pb_text][et_pb_button button_url=\u00bbhttps:\/\/rezandovoy.org\/\u00bb button_text=\u00bbRezando voy\u00bb _builder_version=\u00bb4.24.3&#8243; _module_preset=\u00bbdefault\u00bb custom_button=\u00bbon\u00bb button_text_color=\u00bb#FFFFFF\u00bb button_bg_color=\u00bb#E02B20&#8243; button_border_radius=\u00bb41px\u00bb background_layout=\u00bbdark\u00bb global_colors_info=\u00bb{}\u00bb][\/et_pb_button][\/et_pb_column][et_pb_column type=\u00bb1_2&#8243; _builder_version=\u00bb4.16&#8243; custom_padding=\u00bb|||\u00bb global_colors_info=\u00bb{}\u00bb custom_padding__hover=\u00bb|||\u00bb][et_pb_blurb title=\u00bbMisa dominical\u00bb _builder_version=\u00bb4.23.1&#8243; header_level=\u00bbh2&#8243; global_colors_info=\u00bb{}\u00bb]<\/p>\n<p><span style=\"font-size: 14px\">Se celebra la Eucarist\u00eda los <strong>domingos a las 12:00h<\/strong> en un ambiente muy familiar, con cantos de guitarra y participaci\u00f3n de los asistentes en las lecturas.<\/span><\/p>\n<p>[\/et_pb_blurb][\/et_pb_column][\/et_pb_row][et_pb_row _builder_version=\u00bb4.27.4&#8243; _module_preset=\u00bbdefault\u00bb][et_pb_column _builder_version=\u00bb4.27.4&#8243; _module_preset=\u00bbdefault\u00bb type=\u00bb4_4&#8243;][et_pb_image src=\u00bbhttps:\/\/monzon.salesianos.edu\/iglesia\/wp-content\/uploads\/sites\/3\/2026\/03\/IMG-20260325-WA0045.jpg\u00bb _builder_version=\u00bb4.27.4&#8243; _module_preset=\u00bbdefault\u00bb title_text=\u00bbIMG-20260325-WA0045&#8243; hover_enabled=\u00bb0&#8243; sticky_enabled=\u00bb0&#8243;][\/et_pb_image][\/et_pb_column][\/et_pb_row][et_pb_row column_structure=\u00bb1_2,1_2&#8243; _builder_version=\u00bb4.27.4&#8243; _module_preset=\u00bbdefault\u00bb animation_style=\u00bbfold\u00bb box_shadow_style=\u00bbpreset1&#8243; global_colors_info=\u00bb{}\u00bb][et_pb_column type=\u00bb1_2&#8243; _builder_version=\u00bb4.27.4&#8243; _module_preset=\u00bbdefault\u00bb global_colors_info=\u00bb{}\u00bb][et_pb_image src=\u00bbhttps:\/\/monzon.salesianos.edu\/iglesia\/wp-content\/uploads\/sites\/3\/2025\/11\/1_page-0001-scaled.jpg\u00bb title_text=\u00bb1_page-0001&#8243; _builder_version=\u00bb4.27.4&#8243; _module_preset=\u00bbdefault\u00bb global_colors_info=\u00bb{}\u00bb][\/et_pb_image][\/et_pb_column][et_pb_column type=\u00bb1_2&#8243; _builder_version=\u00bb4.27.4&#8243; _module_preset=\u00bbdefault\u00bb global_colors_info=\u00bb{}\u00bb][et_pb_image src=\u00bbhttps:\/\/monzon.salesianos.edu\/iglesia\/wp-content\/uploads\/sites\/3\/2025\/11\/2_page-0001-scaled.jpg\u00bb title_text=\u00bb2_page-0001&#8243; _builder_version=\u00bb4.27.4&#8243; _module_preset=\u00bbdefault\u00bb global_colors_info=\u00bb{}\u00bb][\/et_pb_image][\/et_pb_column][\/et_pb_row][et_pb_row _builder_version=\u00bb4.27.4&#8243; _module_preset=\u00bbdefault\u00bb global_colors_info=\u00bb{}\u00bb][et_pb_column type=\u00bb4_4&#8243; _builder_version=\u00bb4.27.4&#8243; _module_preset=\u00bbdefault\u00bb global_colors_info=\u00bb{}\u00bb][\/et_pb_column][\/et_pb_row][et_pb_row disabled_on=\u00bbon|on|on\u00bb _builder_version=\u00bb4.16&#8243; _module_preset=\u00bbdefault\u00bb disabled=\u00bbon\u00bb global_colors_info=\u00bb{}\u00bb][et_pb_column type=\u00bb4_4&#8243; _builder_version=\u00bb4.16&#8243; _module_preset=\u00bbdefault\u00bb global_colors_info=\u00bb{}\u00bb][et_pb_text _builder_version=\u00bb4.16&#8243; _module_preset=\u00bbdefault\u00bb global_colors_info=\u00bb{}\u00bb]<\/p>\n<h1>19:00<span style=\"color: #ff0000\"><strong><\/strong><\/span><\/h1>\n<h1><span style=\"color: #ff0000\"><strong>SANTUARIO DE MAR\u00cdA AUXILIADORA. MONZ\u00d3N<\/strong><\/span><\/h1>\n<p><strong><\/strong><\/p>\n<p><strong>Todos los domingos a las 12.00h Celebraci\u00f3n de la Eucarist\u00eda en el Santuario. <\/strong><\/p>\n<p><strong>OCTUBRE<\/strong><\/p>\n<ul>\n<li>S\u00e1bado d\u00eda 12 (Virgen del Pilar): 12.00h Eucarist\u00eda.<\/li>\n<li>Lunes d\u00eda 20: Eucarist\u00eda presidida por el vicario del Inspector.<\/li>\n<li>Jueves d\u00eda 24: 16.30h: Rosario y Eucarist\u00eda en honor de Mar\u00eda Auxiliadora.<\/li>\n<\/ul>\n<p><strong>NOVIEMBRE<\/strong><\/p>\n<ul>\n<li>Viernes d\u00eda 1 Todos los Santos: 12.00h Eucarist\u00eda<\/li>\n<li>Lunes d\u00eda 25: 16.30h: Rosario y Eucarist\u00eda en honor de Mar\u00eda Auxiliadora.<\/li>\n<\/ul>\n<p><strong>DICIEMBRE<\/strong><\/p>\n<ul>\n<li>Viernes d\u00eda 8 (La Inmaculada): 12.00h Eucarist\u00eda<\/li>\n<li>Martes 3 a las 7.45h: Eucarist\u00eda de Adviento en el Bar.<\/li>\n<li>Martes 10: a las 7.45h: Eucarist\u00eda de Adviento en el Bar.<\/li>\n<li>Martes 17: a las 7.45h: Eucarist\u00eda de Adviento en el Bar.<\/li>\n<li>Martes 24 a las 18.30h: Misa de Noche Buena:<\/li>\n<\/ul>\n<p><strong>ENERO<\/strong><\/p>\n<ul>\n<li>Lunes d\u00eda 6 (Epifan\u00eda): 12.00h Eucarist\u00eda.<\/li>\n<li>Viernes d\u00eda 24 (San Francisco de Sales): 16.30h: Rosario y Eucarist\u00eda en honor de Mar\u00eda Auxiliadora.<\/li>\n<li>Viernes 31: Eucarist\u00eda de Don Bosco: 19.00h<\/li>\n<\/ul>\n<p><strong>FEBRERO<\/strong><\/p>\n<ul>\n<li>Lunes d\u00eda 24: 16.30h: Rosario y Eucarist\u00eda en honor de Mar\u00eda Auxiliadora.<\/li>\n<\/ul>\n<p><strong>MARZO<\/strong><\/p>\n<ul>\n<li>Mi\u00e9rcoles de ceniza (5 de Marzo): 19.00h: Eucarist\u00eda de imposici\u00f3n de la ceniza.<\/li>\n<li>Martes 11 a las 7.45h: Eucarist\u00eda de Cuaresma en el Bar.<\/li>\n<li>Martes 18 a las 7.45h: Eucarist\u00eda de Cuaresma en el Bar.<\/li>\n<li>Lunes d\u00eda 24: 16.30h: Rosario y Eucarist\u00eda en honor de Mar\u00eda Auxiliadora.<\/li>\n<li>Martes 25 a las 7.45h: Eucarist\u00eda de Cuaresma en el Bar<\/li>\n<\/ul>\n<p><strong>ABRIL<\/strong><\/p>\n<ul>\n<li>Martes 1 a las 7.45h: Eucarist\u00eda de Cuaresma en el Bar.<\/li>\n<li>Martes 8 a las 7.45h: Eucarist\u00eda de Cuaresma en el Bar.<\/li>\n<\/ul>\n<p><strong>SEMANA SANTA<\/strong><\/p>\n<p>Domingo 13: <strong>DOMINGO DE RAMOS<\/strong><\/p>\n<p>12.00h: Bendici\u00f3n de los ramos y eucarist\u00eda.<\/p>\n<p>&nbsp;<\/p>\n<p>Jueves 17:<strong> JUEVES SANTO<\/strong><\/p>\n<p>19.30h: Celebraci\u00f3n de la cena del Se\u00f1or.<\/p>\n<p>22.00h: Hora Santa.<\/p>\n<p>&nbsp;<\/p>\n<p>Viernes 18: <strong>VIERNES SANTO<\/strong><\/p>\n<p>De 10.00h a 13.30h: Iglesia abierta para la oraci\u00f3n personal ante el monumento.<\/p>\n<p>17.30h: Celebraci\u00f3n de la cruz.<\/p>\n<p>&nbsp;<\/p>\n<p>S\u00e1bado 19: <strong>S\u00c1BADO SANTO<\/strong><\/p>\n<p>22.00h: Celebraci\u00f3n de la resurrecci\u00f3n del Se\u00f1or.<\/p>\n<p><span style=\"font-size: 14px\"><\/span><\/p>\n<p>&nbsp;<\/p>\n<p>Domingo 20: <strong>DOMINGO DE PASCUA<\/strong><\/p>\n<p>12h: Eucarist\u00eda en la plaza del Ayuntamiento<strong><\/strong><\/p>\n<p>&nbsp;<\/p>\n<p><span style=\"font-size: 14px\">Del 17 al 20 de Abril: <\/span><strong style=\"font-size: 14px\">Pascua Juvenil Salesiana<\/strong><span style=\"font-size: 14px\"> en nuestra casa de Monz\u00f3n. Las celebraciones de Semana Santa ser\u00e1n con los j\u00f3venes<\/span><\/p>\n<p>Jueves d\u00eda 24 a 16:30h: Rosario y Eucarist\u00eda en honor de Mar\u00eda Auxiliadora<\/p>\n<p>&nbsp;<\/p>\n<p><strong>MAYO <\/strong><\/p>\n<p><strong>NOVENA DE MAR\u00cdA AUXILIADORA (del 15 al 23 de Mayo).<\/strong><\/p>\n<ul>\n<li>18:30h: Rosario.<\/li>\n<li>19:00h: Eucarist\u00eda.<\/li>\n<\/ul>\n<p>&nbsp;<\/p>\n<p><strong>S\u00e1bado d\u00eda 24<\/strong>:\u00a0 <strong>FIESTA DE MAR\u00cdA AUXILIADORA<\/strong><\/p>\n<ul>\n<li>h Rosario procesionando por las calles cercanas al Colegio<\/li>\n<li>h: Celebraci\u00f3n de la Eucarist\u00eda.<\/li>\n<\/ul>\n<p>[\/et_pb_text][\/et_pb_column][\/et_pb_row][et_pb_row custom_padding_last_edited=\u00bbon|phone\u00bb _builder_version=\u00bb4.16&#8243; background_size=\u00bbinitial\u00bb background_position=\u00bbtop_left\u00bb background_repeat=\u00bbrepeat\u00bb custom_padding=\u00bb30px|0px|25px|0px\u00bb custom_padding_tablet=\u00bb0px|||\u00bb custom_padding_phone=\u00bb0px|||\u00bb global_colors_info=\u00bb{}\u00bb][et_pb_column type=\u00bb4_4&#8243; _builder_version=\u00bb4.16&#8243; background_position=\u00bbtop_left\u00bb custom_padding=\u00bb|||\u00bb global_colors_info=\u00bb{}\u00bb custom_padding__hover=\u00bb|||\u00bb][et_pb_text admin_label=\u00bbSalesianos (Texto)\u00bb _builder_version=\u00bb4.16&#8243; text_font=\u00bbArial||||\u00bb text_text_color=\u00bb#636a70&#8243; text_font_size=\u00bb22&#8243; text_line_height=\u00bb1.6em\u00bb header_font=\u00bbArial||||\u00bb header_text_color=\u00bb#636a70&#8243; header_font_size=\u00bb46px\u00bb background_size=\u00bbinitial\u00bb background_position=\u00bbtop_left\u00bb background_repeat=\u00bbrepeat\u00bb global_colors_info=\u00bb{}\u00bb]<\/p>\n<p class=\"\"><strong>Salesianos<\/strong><strong><img loading=\"lazy\" decoding=\"async\" class=\"wp-image-1598 alignleft\" src=\"https:\/\/alicante.salesianos.edu\/wp-content\/uploads\/2017\/07\/enlaces_salesianos.png\" alt=\"\" width=\"29\" height=\"30\" \/><\/strong><\/p>\n<p>[\/et_pb_text][\/et_pb_column][\/et_pb_row][et_pb_row column_padding_mobile=\u00bbon\u00bb module_id=\u00bbportada-web-salesianas\u00bb module_class=\u00bbcinco-columnas et_pb_row_fullwidth\u00bb _builder_version=\u00bb4.16&#8243; background_size=\u00bbinitial\u00bb background_position=\u00bbtop_left\u00bb background_repeat=\u00bbrepeat\u00bb width=\u00bb94%\u00bb width_tablet=\u00bb80%\u00bb width_phone=\u00bb\u00bb width_last_edited=\u00bbon|desktop\u00bb max_width=\u00bb94%\u00bb max_width_tablet=\u00bb80%\u00bb max_width_phone=\u00bb\u00bb max_width_last_edited=\u00bbon|desktop\u00bb custom_margin=\u00bb|||\u00bb custom_padding=\u00bb0px|||\u00bb make_fullwidth=\u00bbon\u00bb global_colors_info=\u00bb{}\u00bb][et_pb_column type=\u00bb4_4&#8243; _builder_version=\u00bb4.16&#8243; background_position=\u00bbtop_left\u00bb custom_padding=\u00bb|||\u00bb global_colors_info=\u00bb{}\u00bb custom_padding__hover=\u00bb|||\u00bb][et_pb_blurb url=\u00bbhttp:\/\/sdb.org\/es\/\u00bb url_new_window=\u00bbon\u00bb image=\u00bbhttps:\/\/monzon.salesianos.edu\/iglesia\/wp-content\/uploads\/sites\/3\/2022\/11\/en-el-mundo.png\u00bb alt=\u00bbSalesianos en el mundo\u00bb admin_label=\u00bbSDB_org\u00bb _builder_version=\u00bb4.19.0&#8243; background_size=\u00bbinitial\u00bb background_position=\u00bbtop_left\u00bb background_repeat=\u00bbrepeat\u00bb text_orientation=\u00bbcenter\u00bb global_colors_info=\u00bb{}\u00bb]<\/p>\n<p>En el mundo<\/p>\n<p>[\/et_pb_blurb][et_pb_blurb url=\u00bbhttp:\/\/www.donbosco.es\u00bb url_new_window=\u00bbon\u00bb image=\u00bbhttps:\/\/monzon.salesianos.edu\/iglesia\/wp-content\/uploads\/sites\/3\/2022\/11\/en-espana.png\u00bb alt=\u00bbSalesianos en Espa\u00f1a\u00bb admin_label=\u00bbDonBosco_ES\u00bb _builder_version=\u00bb4.19.0&#8243; background_size=\u00bbinitial\u00bb background_position=\u00bbtop_left\u00bb background_repeat=\u00bbrepeat\u00bb text_orientation=\u00bbcenter\u00bb global_colors_info=\u00bb{}\u00bb]En Espa\u00f1a<br \/>\n[\/et_pb_blurb][et_pb_blurb url=\u00bbhttp:\/\/www.salesianos.edu\u00bb url_new_window=\u00bbon\u00bb image=\u00bbhttps:\/\/monzon.salesianos.edu\/iglesia\/wp-content\/uploads\/sites\/3\/2022\/11\/en-la-inspectoria.png\u00bb admin_label=\u00bbInspector\u00eda\u00bb _builder_version=\u00bb4.19.0&#8243; background_size=\u00bbinitial\u00bb background_position=\u00bbtop_left\u00bb background_repeat=\u00bbrepeat\u00bb text_orientation=\u00bbcenter\u00bb global_colors_info=\u00bb{}\u00bb]En la Inspector\u00eda<br \/>\n[\/et_pb_blurb][et_pb_blurb url=\u00bbhttp:\/\/www.infoans.org\/es\u00bb url_new_window=\u00bbon\u00bb image=\u00bbhttps:\/\/monzon.salesianos.edu\/iglesia\/wp-content\/uploads\/sites\/3\/2022\/11\/agencia-de-noticias.png\u00bb admin_label=\u00bbANS_info\u00bb _builder_version=\u00bb4.19.0&#8243; background_size=\u00bbinitial\u00bb background_position=\u00bbtop_left\u00bb background_repeat=\u00bbrepeat\u00bb text_orientation=\u00bbcenter\u00bb global_colors_info=\u00bb{}\u00bb]Agencia noticias<br \/>\n[\/et_pb_blurb][et_pb_blurb url=\u00bbhttp:\/\/boletin-salesiano.com\/\u00bb url_new_window=\u00bbon\u00bb image=\u00bbhttps:\/\/monzon.salesianos.edu\/iglesia\/wp-content\/uploads\/sites\/3\/2022\/11\/agencia-de-noticias.png\u00bb admin_label=\u00bbBoletinSalesiano\u00bb _builder_version=\u00bb4.19.0&#8243; background_size=\u00bbinitial\u00bb background_position=\u00bbtop_left\u00bb background_repeat=\u00bbrepeat\u00bb text_orientation=\u00bbcenter\u00bb global_colors_info=\u00bb{}\u00bb]Bolet\u00edn Salesiano<br \/>\n[\/et_pb_blurb][\/et_pb_column][\/et_pb_row][\/et_pb_section]<\/p>\n","protected":false},"excerpt":{"rendered":"<p>Para vivir la fe en comunidad Para rezar Se celebra la Eucarist\u00eda los domingos a las 12:00h en un ambiente muy familiar, con cantos de guitarra y participaci\u00f3n de los asistentes en las lecturas.19:00 SANTUARIO DE MAR\u00cdA AUXILIADORA. MONZ\u00d3N Todos los domingos a las 12.00h Celebraci\u00f3n de la Eucarist\u00eda en el Santuario. OCTUBRE S\u00e1bado d\u00eda [&hellip;]<\/p>\n","protected":false},"author":2,"featured_media":0,"parent":0,"menu_order":0,"comment_status":"closed","ping_status":"closed","template":"","meta":{"_et_pb_use_builder":"on","_et_pb_old_content":"","_et_gb_content_width":"","footnotes":""},"class_list":["post-2444","page","type-page","status-publish","hentry"],"yoast_head":"<!-- This site is optimized with the Yoast SEO plugin v27.4 - https:\/\/yoast.com\/product\/yoast-seo-wordpress\/ -->\n<title>inicio - Iglesia<\/title>\n<meta name=\"robots\" content=\"index, follow, max-snippet:-1, max-image-preview:large, max-video-preview:-1\" \/>\n<link rel=\"canonical\" href=\"https:\/\/monzon.salesianos.edu\/iglesia\/\" \/>\n<meta property=\"og:locale\" content=\"es_ES\" \/>\n<meta property=\"og:type\" content=\"article\" \/>\n<meta property=\"og:title\" content=\"inicio - Iglesia\" \/>\n<meta property=\"og:description\" content=\"Para vivir la fe en comunidad Para rezar Se celebra la Eucarist\u00eda los domingos a las 12:00h en un ambiente muy familiar, con cantos de guitarra y participaci\u00f3n de los asistentes en las lecturas.19:00 SANTUARIO DE MAR\u00cdA AUXILIADORA. MONZ\u00d3N Todos los domingos a las 12.00h Celebraci\u00f3n de la Eucarist\u00eda en el Santuario. OCTUBRE S\u00e1bado d\u00eda [&hellip;]\" \/>\n<meta property=\"og:url\" content=\"https:\/\/monzon.salesianos.edu\/iglesia\/\" \/>\n<meta property=\"og:site_name\" content=\"Iglesia\" \/>\n<meta property=\"article:modified_time\" content=\"2026-03-26T15:39:12+00:00\" \/>\n<meta property=\"og:image\" content=\"https:\/\/alicante.salesianos.edu\/wp-content\/uploads\/2017\/07\/enlaces_salesianos.png\" \/>\n<meta name=\"twitter:card\" content=\"summary_large_image\" \/>\n<meta name=\"twitter:label1\" content=\"Tiempo de lectura\" \/>\n\t<meta name=\"twitter:data1\" content=\"3 minutos\" \/>\n<script type=\"application\/ld+json\" class=\"yoast-schema-graph\">{\"@context\":\"https:\\\/\\\/schema.org\",\"@graph\":[{\"@type\":\"WebPage\",\"@id\":\"https:\\\/\\\/monzon.salesianos.edu\\\/iglesia\\\/\",\"url\":\"https:\\\/\\\/monzon.salesianos.edu\\\/iglesia\\\/\",\"name\":\"inicio - Iglesia\",\"isPartOf\":{\"@id\":\"https:\\\/\\\/monzon.salesianos.edu\\\/iglesia\\\/#website\"},\"primaryImageOfPage\":{\"@id\":\"https:\\\/\\\/monzon.salesianos.edu\\\/iglesia\\\/#primaryimage\"},\"image\":{\"@id\":\"https:\\\/\\\/monzon.salesianos.edu\\\/iglesia\\\/#primaryimage\"},\"thumbnailUrl\":\"https:\\\/\\\/alicante.salesianos.edu\\\/wp-content\\\/uploads\\\/2017\\\/07\\\/enlaces_salesianos.png\",\"datePublished\":\"2017-05-22T17:04:17+00:00\",\"dateModified\":\"2026-03-26T15:39:12+00:00\",\"breadcrumb\":{\"@id\":\"https:\\\/\\\/monzon.salesianos.edu\\\/iglesia\\\/#breadcrumb\"},\"inLanguage\":\"es\",\"potentialAction\":[{\"@type\":\"ReadAction\",\"target\":[\"https:\\\/\\\/monzon.salesianos.edu\\\/iglesia\\\/\"]}]},{\"@type\":\"ImageObject\",\"inLanguage\":\"es\",\"@id\":\"https:\\\/\\\/monzon.salesianos.edu\\\/iglesia\\\/#primaryimage\",\"url\":\"https:\\\/\\\/alicante.salesianos.edu\\\/wp-content\\\/uploads\\\/2017\\\/07\\\/enlaces_salesianos.png\",\"contentUrl\":\"https:\\\/\\\/alicante.salesianos.edu\\\/wp-content\\\/uploads\\\/2017\\\/07\\\/enlaces_salesianos.png\"},{\"@type\":\"BreadcrumbList\",\"@id\":\"https:\\\/\\\/monzon.salesianos.edu\\\/iglesia\\\/#breadcrumb\",\"itemListElement\":[{\"@type\":\"ListItem\",\"position\":1,\"name\":\"Portada\",\"item\":\"https:\\\/\\\/monzon.salesianos.edu\\\/iglesia\\\/\"},{\"@type\":\"ListItem\",\"position\":2,\"name\":\"inicio\"}]},{\"@type\":\"WebSite\",\"@id\":\"https:\\\/\\\/monzon.salesianos.edu\\\/iglesia\\\/#website\",\"url\":\"https:\\\/\\\/monzon.salesianos.edu\\\/iglesia\\\/\",\"name\":\"Iglesia\",\"description\":\"P\u00e1gina oficial Salesianos Monz\u00f3n\",\"potentialAction\":[{\"@type\":\"SearchAction\",\"target\":{\"@type\":\"EntryPoint\",\"urlTemplate\":\"https:\\\/\\\/monzon.salesianos.edu\\\/iglesia\\\/?s={search_term_string}\"},\"query-input\":{\"@type\":\"PropertyValueSpecification\",\"valueRequired\":true,\"valueName\":\"search_term_string\"}}],\"inLanguage\":\"es\"}]}<\/script>\n<!-- \/ Yoast SEO plugin. -->","yoast_head_json":{"title":"inicio - Iglesia","robots":{"index":"index","follow":"follow","max-snippet":"max-snippet:-1","max-image-preview":"max-image-preview:large","max-video-preview":"max-video-preview:-1"},"canonical":"https:\/\/monzon.salesianos.edu\/iglesia\/","og_locale":"es_ES","og_type":"article","og_title":"inicio - Iglesia","og_description":"Para vivir la fe en comunidad Para rezar Se celebra la Eucarist\u00eda los domingos a las 12:00h en un ambiente muy familiar, con cantos de guitarra y participaci\u00f3n de los asistentes en las lecturas.19:00 SANTUARIO DE MAR\u00cdA AUXILIADORA. MONZ\u00d3N Todos los domingos a las 12.00h Celebraci\u00f3n de la Eucarist\u00eda en el Santuario. OCTUBRE S\u00e1bado d\u00eda [&hellip;]","og_url":"https:\/\/monzon.salesianos.edu\/iglesia\/","og_site_name":"Iglesia","article_modified_time":"2026-03-26T15:39:12+00:00","og_image":[{"url":"https:\/\/alicante.salesianos.edu\/wp-content\/uploads\/2017\/07\/enlaces_salesianos.png","type":"","width":"","height":""}],"twitter_card":"summary_large_image","twitter_misc":{"Tiempo de lectura":"3 minutos"},"schema":{"@context":"https:\/\/schema.org","@graph":[{"@type":"WebPage","@id":"https:\/\/monzon.salesianos.edu\/iglesia\/","url":"https:\/\/monzon.salesianos.edu\/iglesia\/","name":"inicio - Iglesia","isPartOf":{"@id":"https:\/\/monzon.salesianos.edu\/iglesia\/#website"},"primaryImageOfPage":{"@id":"https:\/\/monzon.salesianos.edu\/iglesia\/#primaryimage"},"image":{"@id":"https:\/\/monzon.salesianos.edu\/iglesia\/#primaryimage"},"thumbnailUrl":"https:\/\/alicante.salesianos.edu\/wp-content\/uploads\/2017\/07\/enlaces_salesianos.png","datePublished":"2017-05-22T17:04:17+00:00","dateModified":"2026-03-26T15:39:12+00:00","breadcrumb":{"@id":"https:\/\/monzon.salesianos.edu\/iglesia\/#breadcrumb"},"inLanguage":"es","potentialAction":[{"@type":"ReadAction","target":["https:\/\/monzon.salesianos.edu\/iglesia\/"]}]},{"@type":"ImageObject","inLanguage":"es","@id":"https:\/\/monzon.salesianos.edu\/iglesia\/#primaryimage","url":"https:\/\/alicante.salesianos.edu\/wp-content\/uploads\/2017\/07\/enlaces_salesianos.png","contentUrl":"https:\/\/alicante.salesianos.edu\/wp-content\/uploads\/2017\/07\/enlaces_salesianos.png"},{"@type":"BreadcrumbList","@id":"https:\/\/monzon.salesianos.edu\/iglesia\/#breadcrumb","itemListElement":[{"@type":"ListItem","position":1,"name":"Portada","item":"https:\/\/monzon.salesianos.edu\/iglesia\/"},{"@type":"ListItem","position":2,"name":"inicio"}]},{"@type":"WebSite","@id":"https:\/\/monzon.salesianos.edu\/iglesia\/#website","url":"https:\/\/monzon.salesianos.edu\/iglesia\/","name":"Iglesia","description":"P\u00e1gina oficial Salesianos Monz\u00f3n","potentialAction":[{"@type":"SearchAction","target":{"@type":"EntryPoint","urlTemplate":"https:\/\/monzon.salesianos.edu\/iglesia\/?s={search_term_string}"},"query-input":{"@type":"PropertyValueSpecification","valueRequired":true,"valueName":"search_term_string"}}],"inLanguage":"es"}]}},"_links":{"self":[{"href":"https:\/\/monzon.salesianos.edu\/iglesia\/wp-json\/wp\/v2\/pages\/2444","targetHints":{"allow":["GET"]}}],"collection":[{"href":"https:\/\/monzon.salesianos.edu\/iglesia\/wp-json\/wp\/v2\/pages"}],"about":[{"href":"https:\/\/monzon.salesianos.edu\/iglesia\/wp-json\/wp\/v2\/types\/page"}],"author":[{"embeddable":true,"href":"https:\/\/monzon.salesianos.edu\/iglesia\/wp-json\/wp\/v2\/users\/2"}],"replies":[{"embeddable":true,"href":"https:\/\/monzon.salesianos.edu\/iglesia\/wp-json\/wp\/v2\/comments?post=2444"}],"version-history":[{"count":96,"href":"https:\/\/monzon.salesianos.edu\/iglesia\/wp-json\/wp\/v2\/pages\/2444\/revisions"}],"predecessor-version":[{"id":4361,"href":"https:\/\/monzon.salesianos.edu\/iglesia\/wp-json\/wp\/v2\/pages\/2444\/revisions\/4361"}],"wp:attachment":[{"href":"https:\/\/monzon.salesianos.edu\/iglesia\/wp-json\/wp\/v2\/media?parent=2444"}],"curies":[{"name":"wp","href":"https:\/\/api.w.org\/{rel}","templated":true}]}}