{"id":8025,"date":"2018-02-01T16:47:22","date_gmt":"2018-02-01T15:47:22","guid":{"rendered":"https:\/\/monzon.salesianos.edu\/colegio\/?page_id=8025"},"modified":"2024-10-03T13:14:41","modified_gmt":"2024-10-03T12:14:41","slug":"orientacion","status":"publish","type":"page","link":"https:\/\/monzon.salesianos.edu\/colegio\/orientacion\/","title":{"rendered":"Orientaci\u00f3n"},"content":{"rendered":"<p>[et_pb_section fb_built=\u00bb1&#8243; fullwidth=\u00bbon\u00bb _builder_version=\u00bb4.16&#8243; global_colors_info=\u00bb{}\u00bb][et_pb_fullwidth_header title=\u00bbEquipo de orientaci\u00f3n\u00bb module_class=\u00bbpagina-imagen-cabecera\u00bb _builder_version=\u00bb4.27.2&#8243; title_text_color=\u00bb#ffffff\u00bb title_font_size=\u00bb40px\u00bb background_color=\u00bbrgba(255, 255, 255, 0)\u00bb background_image=\u00bbhttps:\/\/monzon.salesianos.edu\/colegio\/wp-content\/uploads\/sites\/2\/2024\/06\/BANNER-4.jpg\u00bb max_width_tablet=\u00bb50px\u00bb hover_enabled=\u00bb0&#8243; global_colors_info=\u00bb{}\u00bb button_one_text_size__hover_enabled=\u00bboff\u00bb button_two_text_size__hover_enabled=\u00bboff\u00bb button_one_text_color__hover_enabled=\u00bboff\u00bb button_two_text_color__hover_enabled=\u00bboff\u00bb button_one_border_width__hover_enabled=\u00bboff\u00bb button_two_border_width__hover_enabled=\u00bboff\u00bb button_one_border_color__hover_enabled=\u00bboff\u00bb button_two_border_color__hover_enabled=\u00bboff\u00bb button_one_border_radius__hover_enabled=\u00bboff\u00bb button_two_border_radius__hover_enabled=\u00bboff\u00bb button_one_letter_spacing__hover_enabled=\u00bboff\u00bb button_two_letter_spacing__hover_enabled=\u00bboff\u00bb button_one_bg_color__hover_enabled=\u00bboff\u00bb button_two_bg_color__hover_enabled=\u00bboff\u00bb title_text=\u00bbBANNER 4&#8243; sticky_enabled=\u00bb0&#8243;][\/et_pb_fullwidth_header][\/et_pb_section][et_pb_section fb_built=\u00bb1&#8243; module_class=\u00bbpagina-seccion-contenido\u00bb _builder_version=\u00bb4.16&#8243; custom_padding=\u00bb-4%|||\u00bb transparent_background=\u00bboff\u00bb global_colors_info=\u00bb{}\u00bb][et_pb_row column_structure=\u00bb3_4,1_4&#8243; module_class=\u00bbpagina-texto\u00bb _builder_version=\u00bb4.16&#8243; background_size=\u00bbinitial\u00bb background_position=\u00bbtop_left\u00bb background_repeat=\u00bbrepeat\u00bb global_colors_info=\u00bb{}\u00bb][et_pb_column type=\u00bb3_4&#8243; _builder_version=\u00bb4.16&#8243; custom_padding=\u00bb|||\u00bb global_colors_info=\u00bb{}\u00bb custom_padding__hover=\u00bb|||\u00bb][et_pb_text _builder_version=\u00bb4.16&#8243; background_size=\u00bbinitial\u00bb background_position=\u00bbtop_left\u00bb background_repeat=\u00bbrepeat\u00bb use_border_color=\u00bboff\u00bb border_color=\u00bb#ffffff\u00bb border_style=\u00bbsolid\u00bb global_colors_info=\u00bb{}\u00bb]<\/p>\n<p style=\"text-align: justify\">La orientaci\u00f3n educativa es un elemento inherente a toda acci\u00f3n docente que afecta al conjunto de la comunidad escolar (profesores, familias, alumnos y centro). En el Departamento de Orientaci\u00f3n se articulan las funciones de orientaci\u00f3n y tutor\u00eda, as\u00ed como una determinada oferta curricular adaptada y diversificada. Para llevar a cabo las funciones que tiene asignadas este departamento, las actividades se desarrollan b\u00e1sicamente alrededor de tres \u00e1mbitos de actuaci\u00f3n:<\/p>\n<h2 style=\"text-align: justify\"><strong>Apoyo al proceso de Ense\u00f1anza-Aprendizaje<\/strong><\/h2>\n<p style=\"text-align: justify\">El departamento de orientaci\u00f3n tiene especial responsabilidad en el asesoramiento global al centro en relaci\u00f3n con las medidas de atenci\u00f3n a la diversidad, coordina la evaluaci\u00f3n psicopedag\u00f3gica y colabora en el dise\u00f1o y desarrollo de las adaptaciones curriculares dirigidas al alumnado con necesidades educativas especiales y de compensaci\u00f3n educativa. Del mismo modo, los programas de diversificaci\u00f3n curricular y el Programa de Cualificaci\u00f3n Profesional Inicial forman parte de la programaci\u00f3n del departamento de orientaci\u00f3n.<\/p>\n<h2 style=\"text-align: justify\"><strong>Acci\u00f3n Tutorial<\/strong><\/h2>\n<p style=\"text-align: justify\">El objetivo general de la acci\u00f3n tutorial es personalizar la acci\u00f3n docente y desarrollar en el alumnado distintas capacidades y competencias relacionadas con ense\u00f1ar a pensar, a ser persona, a convivir y a decidirse, siguiendo nuestro perfil competencial de salida. Se desarrolla coordinadamente entre el departamento de orientaci\u00f3n y los equipos de tutores, con dos momentos de actuaci\u00f3n, la tutor\u00eda grupal y la tutor\u00eda individualizada.<\/p>\n<h2 style=\"text-align: justify\"><strong>Orientaci\u00f3n Acad\u00e9mica y Profesional<\/strong><\/h2>\n<p style=\"text-align: justify\">Forma parte de la acci\u00f3n tutorial, aunque con unos objetivos espec\u00edficos que marcan su car\u00e1cter diferenciador. B\u00e1sicamente, con la Orientaci\u00f3n Acad\u00e9mica y Profesional pretendemos desarrollar en el alumnado la auto-orientaci\u00f3n mediante la puesta en marcha de acciones para el conocimiento sobre s\u00ed mismos, del mundo acad\u00e9mico y laboral, de t\u00e9cnicas que faciliten su transici\u00f3n a la vida activa y sobre la toma de decisiones. En este sentido, consideramos muy importante la labor de las familias y de toda la comunidad educativa.<\/p>\n<p style=\"text-align: justify\">\n<p>[\/et_pb_text][\/et_pb_column][et_pb_column type=\u00bb1_4&#8243; _builder_version=\u00bb4.16&#8243; custom_padding=\u00bb|||\u00bb global_colors_info=\u00bb{}\u00bb custom_padding__hover=\u00bb|||\u00bb][et_pb_text _builder_version=\u00bb4.16&#8243; global_colors_info=\u00bb{}\u00bb]<\/p>\n<h2>Equipo de Orientaci\u00f3n<\/h2>\n<h3>ESO<\/h3>\n<p>Elvira Otal<br \/>\n<a href=\"mailto:elvira.otal@salesianos.org\">elvira.otal@salesianos.org<\/a><\/p>\n<h3>Bachillerato y FP<\/h3>\n<p>Rita Soriano<br \/>\n<a href=\"mailto:rita.soriano@salesianos.org\">rita.soriano@salesianos.org<\/a><br \/>\n[\/et_pb_text][\/et_pb_column][\/et_pb_row][\/et_pb_section]<\/p>\n","protected":false},"excerpt":{"rendered":"<p>La orientaci\u00f3n educativa es un elemento inherente a toda acci\u00f3n docente que afecta al conjunto de la comunidad escolar (profesores, familias, alumnos y centro). En el Departamento de Orientaci\u00f3n se articulan las funciones de orientaci\u00f3n y tutor\u00eda, as\u00ed como una determinada oferta curricular adaptada y diversificada. Para llevar a cabo las funciones que tiene asignadas [&hellip;]<\/p>\n","protected":false},"author":3,"featured_media":0,"parent":0,"menu_order":0,"comment_status":"closed","ping_status":"closed","template":"","meta":{"_et_pb_use_builder":"on","_et_pb_old_content":"","_et_gb_content_width":"","footnotes":""},"class_list":["post-8025","page","type-page","status-publish","hentry"],"yoast_head":"<!-- This site is optimized with the Yoast SEO plugin v27.4 - https:\/\/yoast.com\/product\/yoast-seo-wordpress\/ -->\n<title>Orientaci\u00f3n - Colegio Santo Domingo Savio<\/title>\n<meta name=\"robots\" content=\"index, follow, max-snippet:-1, max-image-preview:large, max-video-preview:-1\" \/>\n<link rel=\"canonical\" href=\"https:\/\/monzon.salesianos.edu\/colegio\/orientacion\/\" \/>\n<meta property=\"og:locale\" content=\"es_ES\" \/>\n<meta property=\"og:type\" content=\"article\" \/>\n<meta property=\"og:title\" content=\"Orientaci\u00f3n - Colegio Santo Domingo Savio\" \/>\n<meta property=\"og:description\" content=\"La orientaci\u00f3n educativa es un elemento inherente a toda acci\u00f3n docente que afecta al conjunto de la comunidad escolar (profesores, familias, alumnos y centro). En el Departamento de Orientaci\u00f3n se articulan las funciones de orientaci\u00f3n y tutor\u00eda, as\u00ed como una determinada oferta curricular adaptada y diversificada. Para llevar a cabo las funciones que tiene asignadas [&hellip;]\" \/>\n<meta property=\"og:url\" content=\"https:\/\/monzon.salesianos.edu\/colegio\/orientacion\/\" \/>\n<meta property=\"og:site_name\" content=\"Colegio Santo Domingo Savio\" \/>\n<meta property=\"article:modified_time\" content=\"2024-10-03T12:14:41+00:00\" \/>\n<meta name=\"twitter:card\" content=\"summary_large_image\" \/>\n<meta name=\"twitter:label1\" content=\"Tiempo de lectura\" \/>\n\t<meta name=\"twitter:data1\" content=\"3 minutos\" \/>\n<script type=\"application\/ld+json\" class=\"yoast-schema-graph\">{\"@context\":\"https:\\\/\\\/schema.org\",\"@graph\":[{\"@type\":\"WebPage\",\"@id\":\"https:\\\/\\\/monzon.salesianos.edu\\\/colegio\\\/orientacion\\\/\",\"url\":\"https:\\\/\\\/monzon.salesianos.edu\\\/colegio\\\/orientacion\\\/\",\"name\":\"Orientaci\u00f3n - Colegio Santo Domingo Savio\",\"isPartOf\":{\"@id\":\"https:\\\/\\\/monzon.salesianos.edu\\\/colegio\\\/#website\"},\"datePublished\":\"2018-02-01T15:47:22+00:00\",\"dateModified\":\"2024-10-03T12:14:41+00:00\",\"breadcrumb\":{\"@id\":\"https:\\\/\\\/monzon.salesianos.edu\\\/colegio\\\/orientacion\\\/#breadcrumb\"},\"inLanguage\":\"es\",\"potentialAction\":[{\"@type\":\"ReadAction\",\"target\":[\"https:\\\/\\\/monzon.salesianos.edu\\\/colegio\\\/orientacion\\\/\"]}]},{\"@type\":\"BreadcrumbList\",\"@id\":\"https:\\\/\\\/monzon.salesianos.edu\\\/colegio\\\/orientacion\\\/#breadcrumb\",\"itemListElement\":[{\"@type\":\"ListItem\",\"position\":1,\"name\":\"Portada\",\"item\":\"https:\\\/\\\/monzon.salesianos.edu\\\/colegio\\\/\"},{\"@type\":\"ListItem\",\"position\":2,\"name\":\"Orientaci\u00f3n\"}]},{\"@type\":\"WebSite\",\"@id\":\"https:\\\/\\\/monzon.salesianos.edu\\\/colegio\\\/#website\",\"url\":\"https:\\\/\\\/monzon.salesianos.edu\\\/colegio\\\/\",\"name\":\"Colegio Santo Domingo Savio\",\"description\":\"P\u00e1gina oficial Salesianos Monz\u00f3n\",\"potentialAction\":[{\"@type\":\"SearchAction\",\"target\":{\"@type\":\"EntryPoint\",\"urlTemplate\":\"https:\\\/\\\/monzon.salesianos.edu\\\/colegio\\\/?s={search_term_string}\"},\"query-input\":{\"@type\":\"PropertyValueSpecification\",\"valueRequired\":true,\"valueName\":\"search_term_string\"}}],\"inLanguage\":\"es\"}]}<\/script>\n<!-- \/ Yoast SEO plugin. -->","yoast_head_json":{"title":"Orientaci\u00f3n - Colegio Santo Domingo Savio","robots":{"index":"index","follow":"follow","max-snippet":"max-snippet:-1","max-image-preview":"max-image-preview:large","max-video-preview":"max-video-preview:-1"},"canonical":"https:\/\/monzon.salesianos.edu\/colegio\/orientacion\/","og_locale":"es_ES","og_type":"article","og_title":"Orientaci\u00f3n - Colegio Santo Domingo Savio","og_description":"La orientaci\u00f3n educativa es un elemento inherente a toda acci\u00f3n docente que afecta al conjunto de la comunidad escolar (profesores, familias, alumnos y centro). En el Departamento de Orientaci\u00f3n se articulan las funciones de orientaci\u00f3n y tutor\u00eda, as\u00ed como una determinada oferta curricular adaptada y diversificada. Para llevar a cabo las funciones que tiene asignadas [&hellip;]","og_url":"https:\/\/monzon.salesianos.edu\/colegio\/orientacion\/","og_site_name":"Colegio Santo Domingo Savio","article_modified_time":"2024-10-03T12:14:41+00:00","twitter_card":"summary_large_image","twitter_misc":{"Tiempo de lectura":"3 minutos"},"schema":{"@context":"https:\/\/schema.org","@graph":[{"@type":"WebPage","@id":"https:\/\/monzon.salesianos.edu\/colegio\/orientacion\/","url":"https:\/\/monzon.salesianos.edu\/colegio\/orientacion\/","name":"Orientaci\u00f3n - Colegio Santo Domingo Savio","isPartOf":{"@id":"https:\/\/monzon.salesianos.edu\/colegio\/#website"},"datePublished":"2018-02-01T15:47:22+00:00","dateModified":"2024-10-03T12:14:41+00:00","breadcrumb":{"@id":"https:\/\/monzon.salesianos.edu\/colegio\/orientacion\/#breadcrumb"},"inLanguage":"es","potentialAction":[{"@type":"ReadAction","target":["https:\/\/monzon.salesianos.edu\/colegio\/orientacion\/"]}]},{"@type":"BreadcrumbList","@id":"https:\/\/monzon.salesianos.edu\/colegio\/orientacion\/#breadcrumb","itemListElement":[{"@type":"ListItem","position":1,"name":"Portada","item":"https:\/\/monzon.salesianos.edu\/colegio\/"},{"@type":"ListItem","position":2,"name":"Orientaci\u00f3n"}]},{"@type":"WebSite","@id":"https:\/\/monzon.salesianos.edu\/colegio\/#website","url":"https:\/\/monzon.salesianos.edu\/colegio\/","name":"Colegio Santo Domingo Savio","description":"P\u00e1gina oficial Salesianos Monz\u00f3n","potentialAction":[{"@type":"SearchAction","target":{"@type":"EntryPoint","urlTemplate":"https:\/\/monzon.salesianos.edu\/colegio\/?s={search_term_string}"},"query-input":{"@type":"PropertyValueSpecification","valueRequired":true,"valueName":"search_term_string"}}],"inLanguage":"es"}]}},"_links":{"self":[{"href":"https:\/\/monzon.salesianos.edu\/colegio\/wp-json\/wp\/v2\/pages\/8025","targetHints":{"allow":["GET"]}}],"collection":[{"href":"https:\/\/monzon.salesianos.edu\/colegio\/wp-json\/wp\/v2\/pages"}],"about":[{"href":"https:\/\/monzon.salesianos.edu\/colegio\/wp-json\/wp\/v2\/types\/page"}],"author":[{"embeddable":true,"href":"https:\/\/monzon.salesianos.edu\/colegio\/wp-json\/wp\/v2\/users\/3"}],"replies":[{"embeddable":true,"href":"https:\/\/monzon.salesianos.edu\/colegio\/wp-json\/wp\/v2\/comments?post=8025"}],"version-history":[{"count":9,"href":"https:\/\/monzon.salesianos.edu\/colegio\/wp-json\/wp\/v2\/pages\/8025\/revisions"}],"predecessor-version":[{"id":12401,"href":"https:\/\/monzon.salesianos.edu\/colegio\/wp-json\/wp\/v2\/pages\/8025\/revisions\/12401"}],"wp:attachment":[{"href":"https:\/\/monzon.salesianos.edu\/colegio\/wp-json\/wp\/v2\/media?parent=8025"}],"curies":[{"name":"wp","href":"https:\/\/api.w.org\/{rel}","templated":true}]}}